[INFO] cloning repository https://github.com/LonYui/side-project.NFT-bullet-borad
[INFO] running `Command { std: "git" "-c" "credential.helper=" "-c" "credential.helper=/workspace/cargo-home/bin/git-credential-null" "clone" "--bare" "https://github.com/LonYui/side-project.NFT-bullet-borad" "/workspace/cache/git-repos/https%3A%2F%2Fgithub.com%2FLonYui%2Fside-project.NFT-bullet-borad", kill_on_drop: false }`
[INFO] [stderr] Cloning into bare repository '/workspace/cache/git-repos/https%3A%2F%2Fgithub.com%2FLonYui%2Fside-project.NFT-bullet-borad'...
[INFO] running `Command { std: "git" "rev-parse" "HEAD", kill_on_drop: false }`
[INFO] [stdout] 422ed571a6febee274530fec2c31f5d4859cbe8f
[INFO] checking LonYui/side-project.NFT-bullet-borad against master#e6e4f7ed1589e03bc2f6c5931c1a72e7947e8682 for beta-170-4
[INFO] running `Command { std: "git" "clone" "/workspace/cache/git-repos/https%3A%2F%2Fgithub.com%2FLonYui%2Fside-project.NFT-bullet-borad" "/workspace/builds/worker-7-tc2/source", kill_on_drop: false }`
[INFO] [stderr] Cloning into '/workspace/builds/worker-7-tc2/source'...
[INFO] [stderr] done.
[INFO] validating manifest of git repo https://github.com/LonYui/side-project.NFT-bullet-borad on toolchain e6e4f7ed1589e03bc2f6c5931c1a72e7947e8682
[INFO] running `Command { std: CARGO_HOME="/workspace/cargo-home" RUSTUP_HOME="/workspace/rustup-home" "/workspace/cargo-home/bin/cargo" "+e6e4f7ed1589e03bc2f6c5931c1a72e7947e8682" "metadata" "--manifest-path" "Cargo.toml" "--no-deps", kill_on_drop: false }`
[INFO] started tweaking git repo https://github.com/LonYui/side-project.NFT-bullet-borad
[INFO] finished tweaking git repo https://github.com/LonYui/side-project.NFT-bullet-borad
[INFO] tweaked toml for git repo https://github.com/LonYui/side-project.NFT-bullet-borad written to /workspace/builds/worker-7-tc2/source/Cargo.toml
[INFO] crate git repo https://github.com/LonYui/side-project.NFT-bullet-borad already has a lockfile, it will not be regenerated
[INFO] running `Command { std: CARGO_HOME="/workspace/cargo-home" RUSTUP_HOME="/workspace/rustup-home" "/workspace/cargo-home/bin/cargo" "+e6e4f7ed1589e03bc2f6c5931c1a72e7947e8682" "fetch" "--manifest-path" "Cargo.toml", kill_on_drop: false }`
[INFO] running `Command { std: "docker" "create" "-v" "/var/lib/crater-agent-workspace/builds/worker-7-tc2/target:/opt/rustwide/target:rw,Z" "-v" "/var/lib/crater-agent-workspace/builds/worker-7-tc2/source:/opt/rustwide/workdir:ro,Z" "-v" "/var/lib/crater-agent-workspace/cargo-home:/opt/rustwide/cargo-home:ro,Z" "-v" "/var/lib/crater-agent-workspace/rustup-home:/opt/rustwide/rustup-home:ro,Z" "-e" "SOURCE_DIR=/opt/rustwide/workdir" "-e" "CARGO_TARGET_DIR=/opt/rustwide/target" "-e" "CARGO_HOME=/opt/rustwide/cargo-home" "-e" "RUSTUP_HOME=/opt/rustwide/rustup-home" "-w" "/opt/rustwide/workdir" "-m" "1610612736" "--user" "0:0" "--network" "none" "ghcr.io/rust-lang/crates-build-env/linux@sha256:19e73879b68f455e41552ea35293514db52ea292d993f571636dbffedb77a1ee" "/opt/rustwide/cargo-home/bin/cargo" "+e6e4f7ed1589e03bc2f6c5931c1a72e7947e8682" "metadata" "--no-deps" "--format-version=1", kill_on_drop: false }`
[INFO] [stdout] aaf027759f78667089bc212eb0785339f3608a1f8afb73e7c7b887632ce6833b
[INFO] running `Command { std: "docker" "start" "-a" "aaf027759f78667089bc212eb0785339f3608a1f8afb73e7c7b887632ce6833b", kill_on_drop: false }`
[INFO] running `Command { std: "docker" "inspect" "aaf027759f78667089bc212eb0785339f3608a1f8afb73e7c7b887632ce6833b", kill_on_drop: false }`
[INFO] running `Command { std: "docker" "rm" "-f" "aaf027759f78667089bc212eb0785339f3608a1f8afb73e7c7b887632ce6833b", kill_on_drop: false }`
[INFO] [stdout] aaf027759f78667089bc212eb0785339f3608a1f8afb73e7c7b887632ce6833b
[INFO] running `Command { std: "docker" "create" "-v" "/var/lib/crater-agent-workspace/builds/worker-7-tc2/target:/opt/rustwide/target:rw,Z" "-v" "/var/lib/crater-agent-workspace/builds/worker-7-tc2/source:/opt/rustwide/workdir:ro,Z" "-v" "/var/lib/crater-agent-workspace/cargo-home:/opt/rustwide/cargo-home:ro,Z" "-v" "/var/lib/crater-agent-workspace/rustup-home:/opt/rustwide/rustup-home:ro,Z" "-e" "SOURCE_DIR=/opt/rustwide/workdir" "-e" "CARGO_TARGET_DIR=/opt/rustwide/target" "-e" "CARGO_INCREMENTAL=0" "-e" "RUST_BACKTRACE=full" "-e" "RUSTFLAGS=--cap-lints=forbid" "-e" "RUSTDOCFLAGS=--cap-lints=forbid" "-e" "CARGO_HOME=/opt/rustwide/cargo-home" "-e" "RUSTUP_HOME=/opt/rustwide/rustup-home" "-w" "/opt/rustwide/workdir" "-m" "1610612736" "--user" "0:0" "--network" "none" "ghcr.io/rust-lang/crates-build-env/linux@sha256:19e73879b68f455e41552ea35293514db52ea292d993f571636dbffedb77a1ee" "/opt/rustwide/cargo-home/bin/cargo" "+e6e4f7ed1589e03bc2f6c5931c1a72e7947e8682" "check" "--frozen" "--all" "--all-targets" "--message-format=json", kill_on_drop: false }`
[INFO] [stdout] 8de80379390e4f20ef7ecaf54cd085dcf33f0e30a37cfba743540bdd46db5106
[INFO] running `Command { std: "docker" "start" "-a" "8de80379390e4f20ef7ecaf54cd085dcf33f0e30a37cfba743540bdd46db5106", kill_on_drop: false }`
[INFO] [stderr]    Compiling proc-macro2 v1.0.36
[INFO] [stderr]    Compiling unicode-xid v0.2.2
[INFO] [stderr]    Compiling syn v1.0.90
[INFO] [stderr]    Compiling serde_derive v1.0.136
[INFO] [stderr]    Compiling serde v1.0.136
[INFO] [stderr]    Compiling version_check v0.9.4
[INFO] [stderr]    Compiling typenum v1.15.0
[INFO] [stderr]    Compiling libc v0.2.121
[INFO] [stderr]     Checking cfg-if v1.0.0
[INFO] [stderr]    Compiling anyhow v1.0.56
[INFO] [stderr]    Compiling serde_json v1.0.79
[INFO] [stderr]    Compiling memchr v2.4.1
[INFO] [stderr]    Compiling bs58 v0.3.1
[INFO] [stderr]    Compiling block-padding v0.2.1
[INFO] [stderr]    Compiling generic-array v0.14.5
[INFO] [stderr]    Compiling proc-macro2-diagnostics v0.9.1
[INFO] [stderr]    Compiling quote v1.0.17
[INFO] [stderr]    Compiling yansi v0.5.1
[INFO] [stderr]    Compiling unicode-segmentation v1.9.0
[INFO] [stderr]    Compiling crunchy v0.2.2
[INFO] [stderr]    Compiling semver-parser v0.7.0
[INFO] [stderr]    Compiling itoa v1.0.1
[INFO] [stderr]    Compiling cpufeatures v0.2.2
[INFO] [stderr]    Compiling ryu v1.0.9
[INFO] [stderr]    Compiling opaque-debug v0.3.0
[INFO] [stderr]    Compiling heck v0.3.3
[INFO] [stderr]    Compiling semver v0.9.0
[INFO] [stderr]    Compiling getrandom v0.1.16
[INFO] [stderr]     Checking subtle v2.4.1
[INFO] [stderr]    Compiling log v0.4.16
[INFO] [stderr]    Compiling rustc_version v0.2.3
[INFO] [stderr]    Compiling ahash v0.7.6
[INFO] [stderr]    Compiling rustversion v1.0.6
[INFO] [stderr]     Checking regex-syntax v0.6.25
[INFO] [stderr]     Checking rand_core v0.5.1
[INFO] [stderr]    Compiling feature-probe v0.1.1
[INFO] [stderr]     Checking aho-corasick v0.7.18
[INFO] [stderr]    Compiling solana-frozen-abi-macro v1.8.16
[INFO] [stderr]     Checking getrandom v0.2.6
[INFO] [stderr]     Checking atty v0.2.14
[INFO] [stderr]    Compiling bv v0.11.1
[INFO] [stderr]     Checking termcolor v1.1.3
[INFO] [stderr]     Checking once_cell v1.10.0
[INFO] [stderr]     Checking humantime v2.1.0
[INFO] [stderr]     Checking ppv-lite86 v0.2.16
[INFO] [stderr]    Compiling cc v1.0.73
[INFO] [stderr]    Compiling autocfg v1.1.0
[INFO] [stderr]    Compiling solana-frozen-abi v1.8.16
[INFO] [stderr]     Checking generic-array v0.12.4
[INFO] [stderr]     Checking rand_chacha v0.2.2
[INFO] [stderr]    Compiling num-traits v0.2.14
[INFO] [stderr]     Checking lazy_static v1.4.0
[INFO] [stderr]     Checking arrayref v0.3.6
[INFO] [stderr]     Checking digest v0.8.1
[INFO] [stderr]     Checking rand v0.7.3
[INFO] [stderr]     Checking hashbrown v0.11.2
[INFO] [stderr]    Compiling solana-program v1.8.16
[INFO] [stderr]     Checking memmap2 v0.1.0
[INFO] [stderr]     Checking regex v1.5.5
[INFO] [stderr]     Checking byteorder v1.4.3
[INFO] [stderr]    Compiling blake3 v0.3.8
[INFO] [stderr]     Checking constant_time_eq v0.1.5
[INFO] [stderr]     Checking arrayvec v0.5.2
[INFO] [stderr]     Checking zeroize v1.5.4
[INFO] [stderr]     Checking keccak v0.1.0
[INFO] [stderr]     Checking either v1.6.1
[INFO] [stderr]     Checking env_logger v0.8.4
[INFO] [stderr]     Checking cfg-if v0.1.10
[INFO] [stderr]     Checking base64 v0.12.3
[INFO] [stderr]     Checking itertools v0.9.0
[INFO] [stderr]     Checking curve25519-dalek v2.1.3
[INFO] [stderr]     Checking solana-logger v1.8.16
[INFO] [stderr]     Checking hex v0.4.3
[INFO] [stderr]    Compiling bs58 v0.4.0
[INFO] [stderr]     Checking base64 v0.13.0
[INFO] [stderr]    Compiling borsh-derive-internal v0.9.3
[INFO] [stderr]    Compiling borsh-schema-derive-internal v0.9.3
[INFO] [stderr]    Compiling thiserror-impl v1.0.30
[INFO] [stderr]    Compiling bytemuck_derive v1.1.0
[INFO] [stderr]    Compiling num-derive v0.3.3
[INFO] [stderr]    Compiling solana-sdk-macro v1.8.16
[INFO] [stderr]     Checking bytemuck v1.9.0
[INFO] [stderr]    Compiling thiserror v1.0.30
[INFO] [stderr]     Checking serde_bytes v0.11.5
[INFO] [stderr]     Checking bincode v1.3.3
[INFO] [stderr]    Compiling toml v0.5.8
[INFO] [stderr]     Checking digest v0.9.0
[INFO] [stderr]     Checking block-buffer v0.9.0
[INFO] [stderr]     Checking crypto-mac v0.8.0
[INFO] [stderr]     Checking libsecp256k1-core v0.2.2
[INFO] [stderr]     Checking sha2 v0.9.9
[INFO] [stderr]     Checking sha3 v0.9.1
[INFO] [stderr]     Checking hmac v0.8.1
[INFO] [stderr]     Checking hmac-drbg v0.3.0
[INFO] [stderr]    Compiling proc-macro-crate v0.1.5
[INFO] [stderr]    Compiling anchor-syn v0.23.0
[INFO] [stderr]    Compiling borsh-derive v0.9.3
[INFO] [stderr]    Compiling libsecp256k1-gen-ecmult v0.2.1
[INFO] [stderr]    Compiling libsecp256k1-gen-genmult v0.2.1
[INFO] [stderr]    Compiling libsecp256k1 v0.5.0
[INFO] [stderr]     Checking borsh v0.9.3
[INFO] [stderr]    Compiling anchor-attribute-account v0.23.0
[INFO] [stderr]    Compiling anchor-attribute-error v0.23.0
[INFO] [stderr]    Compiling anchor-attribute-interface v0.23.0
[INFO] [stderr]    Compiling anchor-attribute-event v0.23.0
[INFO] [stderr]    Compiling anchor-attribute-state v0.23.0
[INFO] [stderr]    Compiling anchor-attribute-program v0.23.0
[INFO] [stderr]    Compiling anchor-attribute-access-control v0.23.0
[INFO] [stderr]    Compiling anchor-attribute-constant v0.23.0
[INFO] [stderr]    Compiling anchor-derive-accounts v0.23.0
[INFO] [stderr]     Checking anchor-lang v0.23.0
[INFO] [stderr]     Checking advertise_nft v0.1.0 (/opt/rustwide/workdir/programs/advertise_nft)
[INFO] [stdout] error[E0308]: arguments to this function are incorrect
[INFO] [stdout]    --> programs/advertise_nft/src/lib.rs:41:17
[INFO] [stdout]     |
[INFO] [stdout] 41  |                 anchor_lang::solana_program::system_instruction::transfer(ctx.accounts.user.key(),item.user_address,10^9)
[INFO] [stdout]     |                 ^^^^^^^^^^^^^^^^^^^^^^^^^^^^^^^^^^^^^^^^^^^^^^^^^^^^^^^^^ ----------------------- ----------------- expected `&Pubkey`, found `Pubkey`
[INFO] [stdout]     |                                                                           |
[INFO] [stdout]     |                                                                           expected `&Pubkey`, found `Pubkey`
[INFO] [stdout]     |
[INFO] [stdout] note: function defined here
[INFO] [stdout]    --> /opt/rustwide/cargo-home/registry/src/index.crates.io-6f17d22bba15001f/solana-program-1.8.16/src/system_instruction.rs:389:8
[INFO] [stdout]     |
[INFO] [stdout] 389 | pub fn transfer(from_pubkey: &Pubkey, to_pubkey: &Pubkey, lamports: u64) -> Instruction {
[INFO] [stdout]     |        ^^^^^^^^
[INFO] [stdout] help: consider borrowing here
[INFO] [stdout]     |
[INFO] [stdout] 41  |                 anchor_lang::solana_program::system_instruction::transfer(&ctx.accounts.user.key(),item.user_address,10^9)
[INFO] [stdout]     |                                                                           +
[INFO] [stdout] help: consider borrowing here
[INFO] [stdout]     |
[INFO] [stdout] 41  |                 anchor_lang::solana_program::system_instruction::transfer(ctx.accounts.user.key(),&item.user_address,10^9)
[INFO] [stdout]     |                                                                                                   +
[INFO] [stdout] 
[INFO] [stdout] 
[INFO] [stdout] error[E0308]: arguments to this function are incorrect
[INFO] [stdout]    --> programs/advertise_nft/src/lib.rs:41:17
[INFO] [stdout]     |
[INFO] [stdout] 41  |                 anchor_lang::solana_program::system_instruction::transfer(ctx.accounts.user.key(),item.user_address,10^9)
[INFO] [stdout]     |                 ^^^^^^^^^^^^^^^^^^^^^^^^^^^^^^^^^^^^^^^^^^^^^^^^^^^^^^^^^ ----------------------- ----------------- expected `&Pubkey`, found `Pubkey`
[INFO] [stdout]     |                                                                           |
[INFO] [stdout]     |                                                                           expected `&Pubkey`, found `Pubkey`
[INFO] [stdout]     |
[INFO] [stdout] note: function defined here
[INFO] [stdout]    --> /opt/rustwide/cargo-home/registry/src/index.crates.io-6f17d22bba15001f/solana-program-1.8.16/src/system_instruction.rs:389:8
[INFO] [stdout]     |
[INFO] [stdout] 389 | pub fn transfer(from_pubkey: &Pubkey, to_pubkey: &Pubkey, lamports: u64) -> Instruction {
[INFO] [stdout]     |        ^^^^^^^^
[INFO] [stdout] help: consider borrowing here
[INFO] [stdout]     |
[INFO] [stdout] 41  |                 anchor_lang::solana_program::system_instruction::transfer(&ctx.accounts.user.key(),item.user_address,10^9)
[INFO] [stdout]     |                                                                           +
[INFO] [stdout] help: consider borrowing here
[INFO] [stdout]     |
[INFO] [stdout] 41  |                 anchor_lang::solana_program::system_instruction::transfer(ctx.accounts.user.key(),&item.user_address,10^9)
[INFO] [stdout]     |                                                                                                   +
[INFO] [stdout] 
[INFO] [stdout] 
[INFO] [stdout] error[E0308]: mismatched types
[INFO] [stdout]   --> programs/advertise_nft/src/lib.rs:41:17
[INFO] [stdout]    |
[INFO] [stdout] 36 | /             if item.gif_link==gif_link {
[INFO] [stdout] 37 | |                 let result = item.vote_count+1;
[INFO] [stdout] 38 | |                 std::mem::replace(&mut item.vote_count, result);
[INFO] [stdout] 39 | |                 // send tip to base_account
[INFO] [stdout] 40 | |                 // transfer_service_fee_lamports(ctx.accounts.user.to_account_info(),base_account.to_account_info(),10^9)
[INFO] [stdout] 41 | |                 anchor_lang::solana_program::system_instruction::transfer(ctx.accounts.user.key(),item.user_address,10^9)
[INFO] [stdout]    | |                 ^^^^^^^^^^^^^^^^^^^^^^^^^^^^^^^^^^^^^^^^^^^^^^^^^^^^^^^^^^^^^^^^^^^^^^^^^^^^^^^^^^^^^^^^^^^^^^^^^^^^^^^^^ expected `()`, found `Instruction`
[INFO] [stdout] 42 | |                 // item.user_address
[INFO] [stdout] 43 | |             }
[INFO] [stdout]    | |_____________- expected this to be `()`
[INFO] [stdout]    |
[INFO] [stdout] help: consider using a semicolon here
[INFO] [stdout]    |
[INFO] [stdout] 41 |                 anchor_lang::solana_program::system_instruction::transfer(ctx.accounts.user.key(),item.user_address,10^9);
[INFO] [stdout]    |                                                                                                                          +
[INFO] [stdout] help: consider using a semicolon here
[INFO] [stdout]    |
[INFO] [stdout] 43 |             };
[INFO] [stdout]    |              +
[INFO] [stdout] 
[INFO] [stdout] 
[INFO] [stdout] error[E0308]: mismatched types
[INFO] [stdout]   --> programs/advertise_nft/src/lib.rs:41:17
[INFO] [stdout]    |
[INFO] [stdout] 36 | /             if item.gif_link==gif_link {
[INFO] [stdout] 37 | |                 let result = item.vote_count+1;
[INFO] [stdout] 38 | |                 std::mem::replace(&mut item.vote_count, result);
[INFO] [stdout] 39 | |                 // send tip to base_account
[INFO] [stdout] 40 | |                 // transfer_service_fee_lamports(ctx.accounts.user.to_account_info(),base_account.to_account_info(),10^9)
[INFO] [stdout] 41 | |                 anchor_lang::solana_program::system_instruction::transfer(ctx.accounts.user.key(),item.user_address,10^9)
[INFO] [stdout]    | |                 ^^^^^^^^^^^^^^^^^^^^^^^^^^^^^^^^^^^^^^^^^^^^^^^^^^^^^^^^^^^^^^^^^^^^^^^^^^^^^^^^^^^^^^^^^^^^^^^^^^^^^^^^^ expected `()`, found `Instruction`
[INFO] [stdout] 42 | |                 // item.user_address
[INFO] [stdout] 43 | |             }
[INFO] [stdout]    | |_____________- expected this to be `()`
[INFO] [stdout]    |
[INFO] [stdout] help: consider using a semicolon here
[INFO] [stdout]    |
[INFO] [stdout] 41 |                 anchor_lang::solana_program::system_instruction::transfer(ctx.accounts.user.key(),item.user_address,10^9);
[INFO] [stdout]    |                                                                                                                          +
[INFO] [stdout] help: consider using a semicolon here
[INFO] [stdout]    |
[INFO] [stdout] 43 |             };
[INFO] [stdout]    |              +
[INFO] [stdout] 
[INFO] [stdout] 
[INFO] [stdout] error: aborting due to 2 previous errors
[INFO] [stdout] 
[INFO] [stdout] 
[INFO] [stdout] For more information about this error, try `rustc --explain E0308`.
[INFO] [stdout] 
[INFO] [stdout] error: aborting due to 2 previous errors
[INFO] [stdout] 
[INFO] [stdout] 
[INFO] [stdout] For more information about this error, try `rustc --explain E0308`.
[INFO] [stdout] 
[INFO] [stderr] error: could not compile `advertise_nft` (lib test) due to 3 previous errors
[INFO] [stderr] warning: build failed, waiting for other jobs to finish...
[INFO] [stderr] error: could not compile `advertise_nft` (lib) due to 3 previous errors
[INFO] running `Command { std: "docker" "inspect" "8de80379390e4f20ef7ecaf54cd085dcf33f0e30a37cfba743540bdd46db5106", kill_on_drop: false }`
[INFO] running `Command { std: "docker" "rm" "-f" "8de80379390e4f20ef7ecaf54cd085dcf33f0e30a37cfba743540bdd46db5106", kill_on_drop: false }`
[INFO] [stdout] 8de80379390e4f20ef7ecaf54cd085dcf33f0e30a37cfba743540bdd46db5106
